.
394
Calculate the remainder when 91 is divided by 19.
15
What is the remainder when 2877 is divided by 718?
5
What is the remainder when 4026 is divided by 35?
1
What is the remainder when 44 is divided by 7?
2
What is the remainder when 169 is divided by 5?
4
Calculate the remainder when 130 is divided by 11.
9
What is the remainder when 9 is divided by 4?
1
What is the remainder when 114 is divided by 10?
4
Calculate the remainder when 3 is divided by 3.
0
What is the remainder when 1230 is divided by 22?
20
Calculate the remainder when 1414 is divided by 1.
0
What is the remainder when 66 is divided by 24?
18
Calculate the remainder when 338 is divided by 19.
15
Calculate the remainder when 1787 is divided by 10.
7
Calculate the remainder when 9 is divided by 3.
0
What is the remainder when 1036 is divided by 149?
142
What is the remainder when 905 is divided by 296?
17
Calculate the remainder when 175 is divided by 36.
31
What is the remainder when 471 is divided by 97?
83
What is the remainder when 35 is divided by 21?
14
What is the remainder when 3010 is divided by 13?
7
What is the remainder when 131 is divided by 35?
26
What is the remainder when 60 is divided by 49?
11
What is the remainder when 438 is divided by 55?
53
Calculate the remainder when 161 is divided by 27.
26
What is the remainder when 2056 is divided by 8?
0
Calculate the remainder when 396 is divided by 44.
0
What is the remainder when 2878 is divided by 36?
34
What is the remainder when 98 is divided by 8?
2
What is the remainder when 2408 is divided by 33?
32
Calculate the remainder when 486 is divided by 32.
6
What is the remainder when 363 is divided by 92?
87
What is the remainder when 508 is divided by 500?
8
Calculate the remainder when 97 is divided by 32.
1
What is the remainder when 112 is divided by 39?
34
Calculate the remainder when 336 is divided by 57.
51
What is the remainder when 584 is divided by 13?
12
What is the remainder when 716 is divided by 123?
101
Calculate the remainder when 363 is divided by 61.
58
What is the remainder when 149 is divided by 67?
15
Calculate the remainder when 1469 is divided by 46.
43
What is the remainder when 3117 is divided by 10?
7
What is the remainder when 1133 is divided by 71?
68
Calculate the remainder when 914 is divided by 53.
13
What is the remainder when 140 is divided by 25?
15
What is the remainder when 3654 is divided by 15?
9
Calculate the remainder when 175 is divided by 72.
31
What is the remainder when 283 is divided by 95?
93
What is the remainder when 992 is divided by 79?
44
What is the remainder when 17 is divided by 10?
7
What is the remainder when 146 is divided by 34?
10
Calculate the remainder when 49 is divided by 11.
5
Calculate the remainder when 3849 is divided by 35.
34
What is the remainder when 1583 is divided by 176?
175
Calculate the remainder when 60 is divided by 48.
12
Calculate the remainder when 999 is divided by 67.
61
Calculate the remainder when 111 is divided by 23.
19
Calculate the remainder when 91 is divided by 8.
3
Calculate the remainder when 224 is divided by 57.
53
What is the remainder when 212 is divided by 67?
11
What is the remainder when 16740 is divided by 11?
9
What is the remainder when 439 is divided by 90?
79
Calculate the remainder when 8814 is divided by 420.
414
What is the remainder when 247 is divided by 21?
16
Calculate the remainder when 42 is divided by 24.
18
What is the remainder when 2725 is divided by 8?
5
What is the remainder when 12801 is divided by 31?
29
Calculate the remainder when 9516 is divided by 4753.
10
Calculate the remainder when 518 is divided by 65.
63
What is the remainder when 908 is divided by 65?
63
What is the remainder when 2751 is divided by 18?
15
What is the remainder when 106 is divided by 9?
7
What is the remainder when 108 is divided by 106?
2
What is the remainder when 166 is divided by 53?
7
What is the remainder when 1770 is divided by 197?
194
What is the remainder when 362 is divided by 91?
89
Calculate the remainder when 1825 is divided by 15.
10
What is the remainder when 141 is divided by 24?
21
What is the remainder when 420 is divided by 39?
30
What is the remainder when 1673 is divided by 13?
9
What is the remainder when 837 is divided by 138?
9
Calculate the remainder when 553 is divided by 14.
7
What is the remainder when 28 is divided by 15?
13
Calculate the remainder when 132 is divided by 46.
40
Calculate the remainder when 3131 is divided by 34.
3
What is the remainder when 18 is divided by 4?
2
What is the remainder when 8618 is divided by 17?
16
What is the remainder when 845 is divided by 201?
41
What is the remainder when 1845 is divided by 14?
11
What is the remainder when 216 is divided by 55?
51
What is the remainder when 1176 is divided by 37?
29
What is the remainder when 677 is divided by 220?
17
Calculate the remainder when 247 is divided by 25.
22
What is the remainder when 139 is divided by 51?
37
What is the remainder when 1101 is divided by 550?
1
What is the remainder when 371 is divided by 63?
56
What is the remainder when 115 is divided by 59?
56
Calculate the remainder when 237 is divided by 15.
12
What is the remainder when 487 is divided by 210?
67
What is the remainder when 1812 is divided by 37?
36
What is the remainder when 493 is divided by 99?
97
Calculate the remainder when 300 is divided by 7.
6
What is the remainder when 127 is divided by 28?
15
Calculate the remainder when 1496 is divided by 68.
0
What is the remainder when 376 is divided by 14?
12
What is the remainder when 1857 is divided by 24?
9
What is the remainder when 447 is divided by 32?
31
Calculate the remainder when 71 is divided by 24.
23
Calculate the remainder when 1286 is divided by 46.
44
What is the remainder when 2401 is divided by 37?
33
What is the remainder when 335 is divided by 35?
20
Calculate the remainder when 82 is divided by 22.
16
Calculate the remainder when 6153 is divided by 19.
16
What is the remainder when 467 is divided by 20?
7
Calculate the remainder when 283 is divided by 22.
19
What is the remainder when 45 is divided by 36?
9
Calculate the remainder when 118 is divided by 46.
26
What is the remainder when 2294 is divided by 19?
14
What is the remainder when 908 is divided by 219?
32
What is the remainder when 71 is divided by 11?
5
What is the remainder when 136 is divided by 89?
47
What is the remainder when 194 is divided by 39?
38
Calculate the remainder when 220 is divided by 117.
103
What is the remainder when 158 is divided by 25?
8
Calculate the remainder when 182 is divided by 16.
6
Calculate the remainder when 209 is divided by 110.
99
Calculate the remainder when 145 is divided by 37.
34
What is the remainder when 359 is divided by 75?
59
Calculate the remainder when 202 is divided by 17.
15
What is the remainder when 286 is divided by 9?
7
What is the remainder when 310 is divided by 144?
22
What is the remainder when 93 is divided by 20?
13
Calculate the remainder when 412 is divided by 23.
21
What is the remainder when 2166 is divided by 70?
66
Calculate the remainder when 309 is divided by 26.
23
What is the remainder when 353 is divided by 21?
17
Calculate the remainder when 316 is divided by 315.
1
What is the remainder when 366 is divided by 89?
10
What is the remainder when 84 is divided by 82?
2
Calculate the remainder when 322 is divided by 24.
10
Calculate the remainder when 200 is divided by 34.
30
Calculate the remainder when 169 is divided by 19.
17
What is the remainder when 4003 is divided by 23?
1
Calculate the remainder when 778 is divided by 19.
18
Calculate the remainder when 197 is divided by 61.
14
Calculate the remainder when 8018 is divided by 99.
98
What is the remainder when 32 is divided by 7?
4
Calculate the remainder when 854 is divided by 19.
18
Calculate the remainder when 68 is divided by 18.
14
What is the remainder when 266 is divided by 85?
11
Calculate the remainder when 287 is divided by 12.
11
What is the remainder when 125 is divided by 71?
54
What is the remainder when 670 is divided by 56?
54
What is the remainder when 2427 is divided by 15?
12
Calculate the remainder when 919 is divided by 9.
1
What is the remainder when 175